c**2 - c + 1. Let d be i(-2). Suppose p - d - 29 = -3*y, -5*p = 5*y - 300. Is y a prime number?
False
Suppose 5*b + 5*z - 30 = 0, -2*z - 18 = -2*b - 6*z. Suppose -683 = -b*y - 128. Suppose 0*c - 5*c = -y. Is c prime?
True
Let h(w) = w**2 + 7*w + 7. Let x be h(-6). Is 80 - (1 + (x - 1)) a prime number?
True
Let i = 546 + -294. Suppose -2*f + i = 46. Is f a composite number?
False
Suppose 4*o = -16, -5*r = -3*r + 3*o + 10. Let d(t) = t + 2 - 4 + r. Is d(4) composite?
False
Let r(n) = -5*n**3 + n - 2. Let d be r(-2). Suppose 0*x - 4*x + d = 0. Is x a prime number?
False
Let b = 76 + 615. Is b a composite number?
False
Suppose 3*x + 12 = 5*x. Let h be 0/(-1) - (-30)/x. Suppose h*j + 3*t - 43 = 50, -t = 4. Is j composite?
True
Suppose w + 3*j - 370 = -2*j, -726 = -2*w + 4*j. Is w composite?
True
Suppose -t - x = -188, 9 = -5*x + 2*x. Is t a prime number?
True
Suppose -5*c - 16203 = -5*r - 3733, -r - 2*c + 2497 = 0. Is r prime?
False
Let j(i) = -85*i - 20. Is j(-15) a composite number?
True
Suppose 4*a = 3*a + 5. Suppose y + 6 - 2 = 0, -16 = -4*x + a*y. Is ((-5)/(-4))/(x/(-12)) prime?
False
Suppose -203 = -2*g + 169. Suppose -9*f = -3*f - g. Is f a prime number?
True
Let l(v) = -2 - 2 + v**2 + 8*v + 4. Let k be l(-7). Is (-2)/(-1) - (2 + k) prime?
True
Let m(x) = x + 5. Let u be m(7). Let o = u - 6. Is 135/18*8/o a composite number?
True
Let l(z) = -1 - z**2 - 5*z**3 + 0*z**3 + z + 4*z**3. Let f(r) = 15*r**3 + 6*r**2 - 4*r + 6. Let k(c) = -f(c) - 5*l(c). Is k(-1) prime?
False
Let m be 0/3 + 10/2. Suppose 0 = -3*s + 2*t + 23, -m*t - 2 + 3 = -s. Is (20/6)/(2/s) a prime number?
False
Let y(a) = 70*a - 29. Is y(27) a prime number?
True
Suppose -3*q + 934 = j + 2*q, 0 = 5*j - 3*q - 4586. Is j a composite number?
False
Suppose i = 5*s + 42, 7*s = -i + 4*s + 42. Is -9 - -6 - (1 - i) a prime number?
False
Suppose 0 = -4*s - 4*p + 152, 7*p - 3*p = -5*s + 189. Is s a prime number?
True
Let k(n) = 119*n + 92. Is k(21) a composite number?
False
Suppose 2*s = -3*y + 8125, -2*y + 1656 + 3754 = -2*s. Is y a prime number?
True
Let a(j) = -51*j + 5. Let n(h) = -21*h - 2. Let m(k) = 22*k + 1. Let r(q) = -4*m(q) - 3*n(q). Let d(v) = 3*a(v) - 7*r(v). Is d(4) a prime number?
True
Let v = 21 + -67. Let d = -25 - v. Is d composite?
True
Suppose 8117 = -2*p + 5*p - 2*a, -p + 3*a = -2708. Is p composite?
True
Let l(n) = 5 - 4 + 0 + 7*n**2 + n**3 + 3*n**2 + 3*n. Is l(-7) prime?
True
Suppose -9349 + 1593 = -4*s. Is s composite?
True
Let f(y) = y**3 - y**2 + 1. Let w(m) = 4*m**3 - 14*m**2 + 4*m + 7. Let p(g) = 5*f(g) - w(g). Is p(-9) a prime number?
False
Suppose -54 = f - 341. Is f composite?
True
Let g(p) = 21*p**2 + 8*p - 7. Is g(6) a composite number?
False
Let y(x) = -x**3 + 8*x**2 - 6*x - 1. Let i be (-9)/12 - (-62)/8. Is y(i) a composite number?
True
Let k = -25 - -46. Suppose -m + 14 = -k. Is m a composite number?
True
Suppose -2*z + 7*z = 0. Is (-15)/3*(-5 - z) composite?
True
Suppose 2*y = 4*v + 2, 5*v - 4*v - 2 = 3*y. Let u be 39/12 - v/(-4). Is 3/(u*(-1)/(-33)) prime?
False
Let l(z) be the second derivative of z**4/12 - z**3 + 2*z**2 + 3*z. Is l(-7) a prime number?
False
Suppose 3*y - 184 = 2*v - 7*v, -y + 61 = 2*v. Let c = y + -28. Is c a composite number?
True
Suppose -2*a - 4*s = -s - 13, 16 = 3*a + s. Suppose 0 = -4*v - a*x + 120, v + 2*x = -8 + 41. Suppose 3*c + 2*i = 6*i + v, 4*i + 10 = -2*c. Is c composite?
False
Suppose 2*j = -j + 9. Suppose 3*i - 458 = x + 34, -j*i = -5*x - 504. Suppose -q + 0 = -i. Is q a composite number?
False
Suppose 13892 + 6826 = 6*v. Is v composite?
True
Suppose 5*n - 30 = -5*d, -5*n + 3*d - 7*d = -26. Suppose -6 = 2*v, 0 = b + n*b - 5*v - 78. Is b composite?
True
Let s(h) = h**3 - 3*h**2 + 7*h + 7. Is s(6) a composite number?
False
Let b(r) = 9*r**2 - 3*r + 11. Is b(-6) a composite number?
False
Suppose 0 = 5*n + m - 64 + 21, -m = 2. Suppose 4*k + 3*i + 1453 = n*k, 2*k - i - 582 = 0. Is k prime?
True
Suppose -8 = -7*m - 1. Is (m - -8)/3 + 440 prime?
True
Let p be (0 + -2)/(-2 + 1). Is p + (-3 - 18*-19) composite?
True
Let t be 0 - (-5)/2*2. Let o(f) = -6*f - 5. Let x be o(-4). Suppose -1 = -4*n + x, -4*c = -t*n - 27. Is c a prime number?
True
Let j(v) = v. Let o be j(4). Suppose 4*h - 2*n - 220 = 0, 4*h - o*n - 4 = 224. Is h a prime number?
True
Suppose -s - 4*l = -867, 3 + 9 = -4*l. Is s composite?
True
Suppose 7*g - 3*g + 95 = 5*v, 0 = -2*v - 2*g + 38. Is v a prime number?
True
Let p be ((-10)/3 + 3)*21. Let m be (-12)/42 - 8080/p. Suppose -409 = 5*x - m. Is x composite?
False
Let q(f) = 13*f**3 + f**2 + 2*f - 1. Let o = -2 + 4. Is q(o) prime?
False
Let a(r) = 492*r**2 - 4*r + 1. Is a(-3) composite?
False
Suppose -4*l - 5*h + 3533 = 0, 4*l - 4*h - 513 - 2975 = 0. Is l composite?
False
Let u(a) = 2*a - 4*a - 5*a - 1. Let t be u(1). Let q = 11 + t. Is q a composite number?
False
Suppose -6065 = j - 6*j. Let v = -788 + j. Suppose -a = -6*a + v. Is a prime?
False
Let y(a) = 7*a - 1. Is y(5) composite?
True
Suppose 3*w + 123 = 2*j + 10, -4*w + 29 = j. Is j composite?
True
Suppose -6*n = -n - 1800. Suppose -100 + n = 4*r. Is r a composite number?
True
Suppose -4*s + 250 + 3306 = 0. Is s a composite number?
True
Let m(g) = -g**2 + 23*g - 13. Is m(18) a prime number?
False
Suppose 0 = -j - 3*u + 26, -4*j - 3*u + 6 = -62. Is j prime?
False
Suppose 3*l - 1987 = -8*f + 4*f, -5*f + 2*l + 2501 = 0. Suppose -6*u + t = -u - 608, 4*u - f = 5*t. Is u a prime number?
False
Suppose 3*o = -4*q + 87, -5*o = 5*q - 48 - 62. Let y = q + 31. Suppose 17 = -f + y. Is f composite?
True
Let n = 92 - 64. Let t = 23 + n. Is t a prime number?
False
Let o = 368 - -172. Let w = o - 349. Is w a composite number?
False
Let f = -132 - -473. Is f a composite number?
True
Let n = 2138 + -541. Is n a composite number?
False
Let w(k) = k - 1. Let y be w(2). Let j(d) = 192*d**2 - 2*d + 1. Is j(y) composite?
False
Suppose 5*o - 1109 - 5731 = 0. Suppose 0 = 5*y - 4*h + 8*h - 2312, -3*y + 4*h + o = 0. Let b = y - 303. Is b a prime number?
True
Let h(y) = 78*y - 1. Let m(g) = -2*g - 9. Let p be m(-6). Suppose -10 = -2*q - 4*a, -p*q = 2*q + 3*a - 11. Is h(q) composite?
True
Let y be 45/6*(-8)/10. Is (y/(-4))/(2/68) prime?
False
Let p be 2/8 + 30/8. Suppose -p*y + 119 - 27 = 0. Is y composite?
False
Suppose 6 = 4*c - 6. Suppose -3*z + 4*n = -163, -120 = -2*z - 0*z - c*n. Is z composite?
True
Let s(p) = 20*p**2 - 8*p - 35. Is s(-5) a prime number?
False
Is (-4)/(-3) - (-36486)/54 composite?
False
Let k(s) be the third derivative of -s**4/24 + 2*s**3 + 2*s**2. Let r be k(8). Is (69/6)/(1/r) a prime number?
False
Let n = -6 - -12. Suppose -4*b + 4*i = -44, 2*i - 2 + n = -b. Suppose 0 = -2*d - b + 188. Is d a composite number?
True
Suppose 2*n - 4*n = 0. Let s be -17 - n/(0 + -1). Let o = s - -64. Is o a prime number?
True
Let n(j) = -18*j - 3. Let b(w) = -73*w - 12. Let a(m) = 2*b(m) - 9*n(m). Let l be 3*(-1 - 14/(-6)). Is a(l) prime?
True
Suppose -2*v + 5*v = -d + 651, 0 = 2*v - 5*d - 434. Is v prime?
False
Let m be (615/6)/5*4. Suppose t - 5*t + m = 3*w, 4*w + 68 = 4*t. Is t a prime number?
True
Let z = -6 - -15. Let k = 2 + z. Suppose 0*v = -v + k. Is v prime?
True
Suppose -5*w + 8*w - 7413 = 0. Is w a composite number?
True
Suppose 5*o = 4*o + 3. Let g = -4 - -6. Suppose 88 = o*r - g*p - 11, -p = 4*r - 143. Is r composite?
True
Let v = 3 - 20. Let x = 74 - v. Is x composite?
True
Is (-2)/(-4) - (-4170)/4 a prime number?
False
Let c(t) = -t. Let w be c(3). Let x(g) = -g - 2. Let p be x(-3). Is (-1 - (w + p)) + 12 composite?
False
Suppose 1257 = -40*m + 43*m. Is m composite?
False
Let u(m) = -39*m - 1. Suppose o = -0*o - 2. Let y be u(o). Let l = y + -40. Is l prime?
True
Suppose -5*a - 8 = -33. Suppose a*v = f + f - 80, -144 = -4*f + 2*v. Suppose f = -0*q + q. Is q a composite number?
True
Suppose 66 = -4*r - 14. Let p be 2130/r*4/(-3). Let h = p - 83. Is h a prime number?
True
Let t(r) = 2*r + 4. Let g be t(7). Is 2/12 + 3795/g a prime number?
True
Suppose 12 - 3 = 3*w. Suppose 0 = -0*a - w*a + 141. Is a a prime number?
True
Is (-3)/2*(-15 + -7) composite?
True
Let u(b) = -2*b + 2. Let c be u(-5). Suppose 353 + c = 5*o. Let x = -42 + o. Is x a composite number?
False
Suppose 35 + 30 = 5*r. Is r a prime number?
True
Let h(k) = 7156*k - 5. Is h(1) prime?
True
Suppose 8*q =